{"id":6,"date":"2018-06-25T11:57:49","date_gmt":"2018-06-25T14:57:49","guid":{"rendered":"http:\/\/dramabarroco.com\/expressoflordeminas\/?page_id=6"},"modified":"2020-01-29T16:35:20","modified_gmt":"2020-01-29T19:35:20","slug":"quem-somos","status":"publish","type":"page","link":"http:\/\/flordeminas.com.br\/expresso\/quem-somos\/","title":{"rendered":"Quem Somos"},"content":{"rendered":"<p>Somos uma transportadora especializada em cargas pulverizadas que atende, com prazo entre 24 e 48 horas, \u00e0s entregas e coletas realizadas nos locais que fazem parte de nosso <em>roll<\/em> de cidades atendidas.<\/p>\n<p>A experi\u00eancia de mais de 40 anos de seu propriet\u00e1rio Expedito Bernardes Freire em transporte e o seu amor por tudo o que se relaciona a este assunto, juntamente com o trabalho dedicado de sua equipe de colaboradores, \u00e9 o que move o Expresso Flor de Minas a oferecer aos seus clientes a qualidade do servi\u00e7o que \u00e9 prestado.<\/p>\n","protected":false},"excerpt":{"rendered":"<p>Transportadora especializada em transporte de carga pulverizada.<\/p>\n","protected":false},"author":1,"featured_media":151,"parent":0,"menu_order":0,"comment_status":"closed","ping_status":"closed","template":"page-quem.php","meta":[],"yoast_head":"<!-- This site is optimized with the Yoast SEO plugin v14.9 - https:\/\/yoast.com\/wordpress\/plugins\/seo\/ -->\n<meta name=\"robots\" content=\"index, follow, max-snippet:-1, max-image-preview:large, max-video-preview:-1\" \/>\n<link rel=\"canonical\" href=\"http:\/\/flordeminas.com.br\/expresso\/quem-somos\/\" \/>\n<meta property=\"og:locale\" content=\"pt_BR\" \/>\n<meta property=\"og:type\" content=\"article\" \/>\n<meta property=\"og:title\" content=\"Quem Somos - Expresso Flor de Minas\" \/>\n<meta property=\"og:description\" content=\"Transportadora especializada em transporte de carga pulverizada.\" \/>\n<meta property=\"og:url\" content=\"http:\/\/flordeminas.com.br\/expresso\/quem-somos\/\" \/>\n<meta property=\"og:site_name\" content=\"Expresso Flor de Minas\" \/>\n<meta property=\"article:modified_time\" content=\"2020-01-29T19:35:20+00:00\" \/>\n<meta property=\"og:image\" content=\"http:\/\/flordeminas.com.br\/expresso\/wp-content\/uploads\/2019\/07\/Panorama_Caminhoes_02_tamanho_reduzido.jpg\" \/>\n\t<meta property=\"og:image:width\" content=\"2039\" \/>\n\t<meta property=\"og:image:height\" content=\"648\" \/>\n<meta name=\"twitter:card\" content=\"summary_large_image\" \/>\n<script type=\"application\/ld+json\" class=\"yoast-schema-graph\">{\"@context\":\"https:\/\/schema.org\",\"@graph\":[{\"@type\":\"WebSite\",\"@id\":\"http:\/\/flordeminas.com.br\/expresso\/#website\",\"url\":\"http:\/\/flordeminas.com.br\/expresso\/\",\"name\":\"Expresso Flor de Minas\",\"description\":\"Grupo Flor de Minas\",\"potentialAction\":[{\"@type\":\"SearchAction\",\"target\":\"http:\/\/flordeminas.com.br\/expresso\/?s={search_term_string}\",\"query-input\":\"required name=search_term_string\"}],\"inLanguage\":\"pt-BR\"},{\"@type\":\"ImageObject\",\"@id\":\"http:\/\/flordeminas.com.br\/expresso\/quem-somos\/#primaryimage\",\"inLanguage\":\"pt-BR\",\"url\":\"http:\/\/flordeminas.com.br\/expresso\/wp-content\/uploads\/2019\/07\/Panorama_Caminhoes_02_tamanho_reduzido.jpg\",\"width\":2039,\"height\":648},{\"@type\":\"WebPage\",\"@id\":\"http:\/\/flordeminas.com.br\/expresso\/quem-somos\/#webpage\",\"url\":\"http:\/\/flordeminas.com.br\/expresso\/quem-somos\/\",\"name\":\"Quem Somos - Expresso Flor de Minas\",\"isPartOf\":{\"@id\":\"http:\/\/flordeminas.com.br\/expresso\/#website\"},\"primaryImageOfPage\":{\"@id\":\"http:\/\/flordeminas.com.br\/expresso\/quem-somos\/#primaryimage\"},\"datePublished\":\"2018-06-25T14:57:49+00:00\",\"dateModified\":\"2020-01-29T19:35:20+00:00\",\"inLanguage\":\"pt-BR\",\"potentialAction\":[{\"@type\":\"ReadAction\",\"target\":[\"http:\/\/flordeminas.com.br\/expresso\/quem-somos\/\"]}]}]}<\/script>\n<!-- \/ Yoast SEO plugin. -->","_links":{"self":[{"href":"http:\/\/flordeminas.com.br\/expresso\/wp-json\/wp\/v2\/pages\/6"}],"collection":[{"href":"http:\/\/flordeminas.com.br\/expresso\/wp-json\/wp\/v2\/pages"}],"about":[{"href":"http:\/\/flordeminas.com.br\/expresso\/wp-json\/wp\/v2\/types\/page"}],"author":[{"embeddable":true,"href":"http:\/\/flordeminas.com.br\/expresso\/wp-json\/wp\/v2\/users\/1"}],"replies":[{"embeddable":true,"href":"http:\/\/flordeminas.com.br\/expresso\/wp-json\/wp\/v2\/comments?post=6"}],"version-history":[{"count":28,"href":"http:\/\/flordeminas.com.br\/expresso\/wp-json\/wp\/v2\/pages\/6\/revisions"}],"predecessor-version":[{"id":274,"href":"http:\/\/flordeminas.com.br\/expresso\/wp-json\/wp\/v2\/pages\/6\/revisions\/274"}],"wp:featuredmedia":[{"embeddable":true,"href":"http:\/\/flordeminas.com.br\/expresso\/wp-json\/wp\/v2\/media\/151"}],"wp:attachment":[{"href":"http:\/\/flordeminas.com.br\/expresso\/wp-json\/wp\/v2\/media?parent=6"}],"curies":[{"name":"wp","href":"https:\/\/api.w.org\/{rel}","templated":true}]}}